32?
False
Is 4613 a multiple of 6?
False
Is 21000 a multiple of 21?
True
Is 23 a factor of 7296?
False
Does 48 divide 6192?
True
Does 4 divide 4065?
False
Is 7743 a multiple of 6?
False
Is 144 a factor of 1440?
True
Is 23 a factor of 5041?
False
Is 1342 a multiple of 9?
False
Does 7 divide 15078?
True
Does 33 divide 69708?
False
Is 3471 a multiple of 13?
True
Does 112 divide 1745?
False
Is 17 a multiple of 16?
False
Does 32 divide 81397?
False
Does 2 divide 760?
True
Is 11739 a multiple of 129?
True
Is 2 a factor of 892?
True
Is 19740 a multiple of 210?
True
Is 1108 a multiple of 80?
False
Is 4026 a multiple of 122?
True
Is 22 even?
True
Does 185 divide 89360?
False
Does 25 divide 54004?
False
Is 53911 a multiple of 11?
True
Is 9 a factor of 772?
False
Is 7 a factor of 497?
True
Is 3 a factor of 203?
False
Is 7986 a multiple of 11?
True
Does 16 divide 5575?
False
Does 166 divide 8798?
True
Is 20 a factor of 2300?
True
Does 26 divide 520?
True
Does 135 divide 6775?
False
Is 1470 a multiple of 7?
True
Does 20 divide 3020?
True
Does 48 divide 720?
True
Is 2916 a multiple of 4?
True
Is 51 a factor of 31824?
True
Does 5 divide 360?
True
Does 6 divide 96?
True
Does 39 divide 3081?
True
Does 214 divide 17535?
False
Is 587 a multiple of 67?
False
Is 41 a factor of 744?
False
Is 26988 a multiple of 23?
False
Is 1545 a multiple of 3?
True
Does 264 divide 45217?
False
Is 109032 a multiple of 77?
True
Is 17114 a multiple of 398?
True
Is 5 a factor of 13315?
True
Is 439 a multiple of 2?
False
Does 7 divide 6855?
False
Is 6 a factor of 186?
True
Is 15734 a multiple of 31?
False
Does 26 divide 457?
False
Does 22 divide 57794?
True
Is 3672 a multiple of 54?
True
Is 42 a factor of 843?
False
Does 49 divide 6223?
True
Does 10 divide 1120?
True
Does 74 divide 25160?
True
Does 33 divide 1145?
False
Does 52 divide 440?
False
Is 11 a factor of 1465?
False
Does 8 divide 2553?
False
Is 1746 a multiple of 18?
True
Is 20 a factor of 589?
False
Is 11964 a multiple of 6?
True
Is 27 a factor of 3024?
True
Does 22 divide 38308?
False
Is 975 a multiple of 15?
True
Does 20 divide 24561?
False
Is 406 a multiple of 4?
False
Is 695 a multiple of 5?
True
Does 109 divide 7521?
True
Is 921 a multiple of 9?
False
Is 2419 a multiple of 20?
False
Is 298 a multiple of 22?
False
Is 1246 a multiple of 78?
False
Is 2989 a multiple of 80?
False
Is 4026 a multiple of 31?
False
Is 725 a multiple of 42?
False
Is 128 a multiple of 7?
False
Is 6024 a multiple of 251?
True
Is 166 a factor of 2110?
False
Does 13 divide 676?
True
Is 21 a factor of 1682?
False
Is 25344 a multiple of 72?
True
Does 46 divide 2857?
False
Is 48 a factor of 2945?
False
Is 212 a factor of 9271?
False
Is 106 a factor of 50138?
True
Is 14 a factor of 2506?
True
Does 166 divide 31706?
True
Is 5 a factor of 11127?
False
Does 4 divide 275?
False
Is 3120 a multiple of 78?
True
Is 115070 a multiple of 49?
False
Is 19 a factor of 15865?
True
Is 207 a multiple of 5?
False
Is 3 a factor of 377?
False
Does 206 divide 12360?
True
Is 754 even?
True
Is 40 a factor of 760?
True
Does 41 divide 2439?
False
Does 13 divide 13304?
False
Is 126 a factor of 10584?
True
Is 69 a factor of 10094?
False
Is 1017 even?
False
Is 9 a factor of 2227?
False
Is 8 a factor of 1040?
True
Is 114852 a multiple of 204?
True
Is 256 a multiple of 17?
False
Is 11001 a multiple of 57?
True
Is 43209 a multiple of 15?
False
Is 18 a factor of 7524?
True
Is 3149 a multiple of 67?
True
Is 223 even?
False
Is 11 a factor of 506?
True
Does 63 divide 14608?
False
Does 5 divide 235?
True
Does 21 divide 2109?
False
Is 848 a multiple of 8?
True
Is 105 a factor of 2037?
False
Is 14112 a multiple of 3?
True
Does 7 divide 171?
False
Is 14 a factor of 70?
True
Is 1012 a multiple of 9?
False
Is 21 a factor of 34616?
False
Is 1222 a multiple of 13?
True
Does 111 divide 81141?
True
Does 16 divide 19503?
False
Does 26 divide 1092?
True
Is 9 a factor of 7857?
True
Is 22800 a multiple of 75?
True
Does 44 divide 253?
False
Is 2708 a multiple of 125?
False
Is 5013 a multiple of 96?
False
Does 119 divide 1071?
True
Is 148 a factor of 11988?
True
Is 6140 a multiple of 69?
False
Is 5 a factor of 730?
True
Is 15 a factor of 195?
True
Is 6 a factor of 265?
False
Is 288 a multiple of 16?
True
Is 2686 a multiple of 158?
True
Is 18 a factor of 3949?
False
Is 47 a factor of 188?
True
Is 61 a factor of 569?
False
Is 5124 a multiple of 6?
True
Is 389 a factor of 84854?
False
Is 5 a factor of 648?
False
Does 29 divide 348?
True
Is 1040 a multiple of 40?
True
Is 5268 a multiple of 50?
False
Is 7 a factor of 3708?
False
Is 83801 a multiple of 35?
False
Is 3 a factor of 1879?
False
Is 81 a factor of 5994?
True
Is 8376 a multiple of 15?
False
Does 15 divide 261?
False
Is 26765 a multiple of 22?
False
Is 4185 a multiple of 27?
True
Is 236 a multiple of 6?
False
Does 10 divide 6819?
False
Does 50 divide 1550?
True
Does 53 divide 773?
False
Does 3 divide 87?
True
Does 17 divide 74682?
False
Is 1119 a multiple of 3?
True
Does 150 divide 3300?
True
Is 19 a factor of 3116?
True
Is 464 a multiple of 29?
True
Does 76 divide 43320?
True
Is 15 a factor of 1167?
False
Is 31 a factor of 341?
True
Is 3654 a multiple of 9?
True
Is 67095 a multiple of 38?
False
Is 3922 a multiple of 4?
False
Does 44 divide 1016?
False
Does 37 divide 2146?
True
Is 224 a multiple of 28?
True
Is 17 a factor of 30735?
False
Is 43344 a multiple of 48?
True
Is 4 a factor of 282?
False
Is 10 a factor of 160?
True
Is 28 a factor of 6468?
True
Is 3080 a multiple of 11?
True
Does 6 divide 5277?
False
Is 744 a multiple of 5?
False
Is 472 a multiple of 3?
False
Is 2217 a multiple of 13?
False
Is 106 a multiple of 8?
False
Is 33 a factor of 2277?
True
Is 69 a factor of 4126?
False
Does 26 divide 1485?
False
Does 2 divide 509?
False
Does 6 divide 2274?
True
Is 20 a factor of 2040?
True
Does 15 divide 765?
True
Is 23 a factor of 1518?
True
Is 151 a factor of 6644?
True
Is 17230 a multiple of 5?
True
Is 64181 a multiple of 13?
True
Is 9 a factor of 115?
False
Is 15 a factor of 825?
True
Does 3 divide 386?
False
Does 15 divide 1259?
False
Is 35912 a multiple of 268?
True
Is 1023 a multiple of 11?
True
Does 30 divide 33092?
False
Does 22 divide 484?
True
Is 134 a multiple of 10?
False
Is 2968 a multiple of 14?
True
Does 36 divide 16586?
False
Is 2652 a multiple of 4?
True
Is 4 a factor of 2812?
True
Is 4725 a multiple of 15?
True
Does 248 divide 9678?
False
Is 15 a factor of 1980?
True
Does 2 divide 1312?
True
Is 105 a multiple of 21?
True
Does 31 divide 992?
True
Does 19 divide 3601?
False
Does 8 divide 158?
False
Does 12 divide 9180?
True
Is 1260 a multiple of 6?
True
Is 65 a factor of 35295?
True
Does 2 divide 29?
False
Is 1437 a multiple of 36?
False
Is 12 a factor of 20988?
True
Is 4379 a multiple of 54?
False
Does 11 divide 5291?
True
Is 50048 a multiple of 128?
True
Does 9 divide 144?
True
Is 26440 a multiple of 26?
False
Is 40 a factor of 8424?
False
Is 2212 a multiple of 41?
False
Is 117 a factor of 40950?
True
Does 6 divide 153?
False
Does 68 divide 1088?
True
Is 17 a factor of 1569?
False
Is 8 a factor of 914?
False
Is 1562 a multiple of 11?
True
Is 534 a multiple of 7?
False
Is 35 a factor of 35?
True
Is 117959 a multiple of 27?
False
Does 4 divide 78?
False
Is 270 a multiple of 7?
False
Is 16 a factor of 720?
True
Is 135 a multiple of 9?
True
Does 60 divide 1380?
True
Is 2 a factor of 181?
False
Is 2472 a multiple of 6?
True
Is 50 a factor of 2433?
False
Does 50 divide 15005?
False
Does 59 divide 41595?
True
Is 128128 a multiple of 11?
True
Is 704 a multiple of 44?
True
Is 14 a factor of 330?
False
Does 15 divide 390?
True
Is 30600 a multiple of 17?
True
Does 9 divide 424?
False
Does 26 divide 893?
False
Does 9 divide 5723?
False
Is 17 a factor of 5957?
False
Is 128 a factor of 2306?
False
Is 4 a factor of 720?
True
Is 608 a multiple of 19?
True
Does 35 divide 2320?
False
Is 32571 a multiple of 11?
True
Does 10 divide 56550?
True
Does 6 divide 10650?
True
Is 8 a factor of 46?
False
Does 42 divide 22517?
False
Is 15 a factor of 5850?
True
Does 58 divide 16646?
True
Is 16 a factor of 161?
False
Does 329 divide 7896?
True
Does 55 divide 330?
True
Does 6 divide 6613?
False
Is 1053 a multiple of 27?
True
Is 16839 a multiple of 14?
False